{"id":95,"date":"2015-07-06T07:59:29","date_gmt":"2015-07-06T05:59:29","guid":{"rendered":"http:\/\/www.kynologen.at\/_blog\/?page_id=95"},"modified":"2015-07-13T10:28:01","modified_gmt":"2015-07-13T08:28:01","slug":"ueber-uns","status":"publish","type":"page","link":"https:\/\/www.kynologen.at\/_blog\/ueber-uns\/","title":{"rendered":"\u00dcber uns"},"content":{"rendered":"<figure id=\"attachment_188\" aria-describedby=\"caption-attachment-188\" style=\"width: 150px\" class=\"wp-caption alignleft\"><img loading=\"lazy\" decoding=\"async\" class=\"wp-image-188\" src=\"http:\/\/www.kynologen.at\/_blog\/wp-content\/uploads\/2015\/07\/Kynos_Logo1.jpg\" alt=\"Informationen zum Thema Hund, Trainieren, Lernen, Gesundheit und Hundewissen. Die Kynologie (gr. \u03ba\u03cd\u03bf\u03bd k\u00fdon \u201eHund\u201c und -logie) ist die Lehre von Rassen, Zucht, Pflege, Verhalten, Erziehung und Krankheiten der Haushunde. In j\u00fcngerer Zeit findet sich als alternative Bezeichnung f\u00fcr die im universit\u00e4ren Rahmen betriebene Kynologie auch der englische Begriff der Canine Science (dt. Hundewissenschaft oder Wissenschaft des Hundes).\" width=\"150\" height=\"150\" srcset=\"https:\/\/www.kynologen.at\/_blog\/wp-content\/uploads\/2015\/07\/Kynos_Logo1.jpg 200w, https:\/\/www.kynologen.at\/_blog\/wp-content\/uploads\/2015\/07\/Kynos_Logo1-150x150.jpg 150w\" sizes=\"auto, (max-width: 150px) 100vw, 150px\" \/><figcaption id=\"caption-attachment-188\" class=\"wp-caption-text\">\u00a9 Kynologen.at<\/figcaption><\/figure>\n<p style=\"text-align: justify;\">Wir sind eine kleine Gruppen von ausschlie\u00dflich <strong>&#8222;Akademisch gepr\u00fcften Kynologen und Kynologinnen&#8220;<\/strong>,\u00a0die Ihre Ausbildung an der Veterin\u00e4rmedizinischen Universit\u00e4t in Wien mit Bravour abgeschlossen haben.<br \/>\nDieser Universit\u00e4tslehrgang\u00a0ist <strong>Europas erste und einzige universit\u00e4re Ausbildung<\/strong> in Hundewissenschaften. In diesem Universit\u00e4tslehrgang &#8222;Angewandte Kynologie&#8220; werden akademisch gepr\u00fcfte Fachkr\u00e4fte ausgebildet, die im Sinne eines verantwortungsvollen und tierschutzgerechten Umgangs mit Hunden im Umfeld der Hundewirtschaft und des Hundesports t\u00e4tig sind.<br \/>\n<span style=\"color: #ffffff;\">.<br \/>\n.<\/span><\/p>\n<blockquote>\n<p style=\"text-align: center;\">Qualit\u00e4t ist niemals Zufall;<br \/>\nsie ist immer das Ergebnis hoher Ziele,<br \/>\naufrichtiger Bem\u00fchung,<br \/>\nintelligenter Vorgehensweise<br \/>\nund geschickter Ausf\u00fchrung.<\/p>\n<\/blockquote>\n<p style=\"text-align: center;\">(Will A. Foster)<\/p>\n<p style=\"text-align: justify;\">Unser pers\u00f6nliches Streben und das Ziel unseres Teams, liegt in der\u00a0Umsetzung diese Wissens in der Praxis mit Menschen, mit Hunden, in deren Mensch-Hunde-Beziehung und in der gesellschaftlichen Sensibilisierung f\u00fcr das Lebewesen Hund und den artgerechten Umgang damit in unserer Gesellschaft.<br \/>\nEine Plattform und News-Ecke\u00a0(RSS) f\u00fcr Wissensvermittlung, Weitergabe von Fachinformationen,\u00a0Hilfestellungen und Ratschl\u00e4ge, sowie deren Umsetzungsanleitungen in der Praxis zu gr\u00fcnden,\u00a0sind nur einige unserer selbst auferlegten Ziele und Visionen.<\/p>\n<p style=\"text-align: justify;\"><strong>Zulassung zum Universit\u00e4tslehrgang f\u00fcr Angewandte Kynologie\u00a0<\/strong><br \/>\nZugelassen werden Personen, die \u00fcber eine allgemeine Hochschulreife verf\u00fcgen. Von dieser Voraussetzung kann abgesehen werden, wenn die\/der ZulassungswerberIn eine mehrj\u00e4hrige einschl\u00e4gige praktische T\u00e4tigkeit nachweist und im Aufnahmeverfahren hervorragende Leistungen zeigt. Pro Lehrgang stehen h\u00f6chstens 30 Studienpl\u00e4tze zur Verf\u00fcgung.<\/p>\n<p style=\"text-align: justify;\">\n<strong>Dauer des Universit\u00e4tslehrgang f\u00fcr Angewandte Kynologie\u00a0<\/strong><br \/>\nDer Universit\u00e4tslehrgang dauert 4 Semester, die Lehrveranstaltungen werden in Bl\u00f6cken zu zwei Tagen an Wochenenden abgehalten.<\/p>\n<p style=\"text-align: justify;\">\n<strong>Inhalt des Universit\u00e4tslehrgang f\u00fcr Angewandte Kynologie\u00a0<\/strong><br \/>\nIm Universit\u00e4tslehrgang Angewandte Kynologie werden neben veterin\u00e4rmedizinischen und verhaltensphysiologische Grundlagen, Lernverhalten, Hundeausbildung auch Recht, Ethik, Betriebswirtschaft, Didaktik und wissenschaftliches Arbeiten gelehrt.<\/p>\n<p style=\"text-align: justify;\">\n<strong>Abschluss des Universit\u00e4tslehrgang f\u00fcr Angewandte Kynologie\u00a0<\/strong><br \/>\nDer Universit\u00e4tslehrgang schlie\u00dft mit der Bezeichnung \u201eAkademisch gepr\u00fcfte Kynologin\/Akademisch gepr\u00fcfter Kynologe\u201c ab.<\/p>\n<p style=\"text-align: justify;\">Die T\u00e4tigkeitsbereiche der AbsolventInnen sind vielf\u00e4ltig,<\/p>\n<ul style=\"text-align: justify;\">\n<li>Leitung von HundeschulenLeitung von Hundepensionen<\/li>\n<li>Leitung von professionellen Hundezwingern<\/li>\n<li>F\u00fchrungspositionen in der Gesch\u00e4ftsf\u00fchrung von Hundesport- und Hundezuchtverb\u00e4nden<\/li>\n<li>T\u00e4tigkeit bei Leistungspr\u00fcfungen<\/li>\n<li>Aus- und Fortbildung von HundetrainerInnen<\/li>\n<li>Leitung von Trainingszentren<\/li>\n<li>Redaktionelle und journalistische T\u00e4tigkeiten f\u00fcr Fachzeitschriften in den Bereichen Hundehaltung, Hundezucht und Hundesport<\/li>\n<li>Herstellung und Vertrieb von Hundezubeh\u00f6r<\/li>\n<li>Herstellung und Vertrieb von Hundefutter<\/li>\n<li>Touristik<\/li>\n<li>Marketing in den Bereichen Hundesport und Hundezucht<\/li>\n<li>Versicherungswirtschaft (Tierversicherungen)<\/li>\n<li>Spezialfirmen f\u00fcr die Planung und den Bau von Zwingern und Hundepensionen<\/li>\n<li>Design und Bau von Hindernissen<\/li>\n<li>uvm.<\/li>\n<\/ul>\n<p style=\"text-align: justify;\">\u00a0Durch die Ausbildung einschl\u00e4gig qualifizierter Fachkr\u00e4fte im Bereich der Kynologie wird ein wesentlicher Beitrag zur Verbesserung der Mensch-Hund-Beziehung im Allgemeinen und zur Gefahrenpr\u00e4vention im Besonderen geleistet. Der Universit\u00e4tslehrgang tr\u00e4gt auf wissenschaftlicher Grundlage mit unterschiedlichen Vertiefungen zur fachlichen, beruflichen und pers\u00f6nlichen Weiterentwicklung der TeilnehmerInnen bei. AbsolventInnen sind nach Beendigung des Lehrganges in der Lage:<\/p>\n<ul>\n<li>Kritisch und analytisch zu denken<\/li>\n<li>Probleml\u00f6sungsorientiert, an den Anforderungen und Anliegen des Tierschutzes orientiert, zu denken und zu handeln<\/li>\n<li>Rasch, effektiv und kritisch reflektierte Information unter Benutzung der modernen Informationsmedien zu beschaffen<\/li>\n<li>Sozial kompetent zu agieren (z.B. eigenverantwortlich, teamf\u00e4hig, f\u00fchrungskompetent)<\/li>\n<li>Ethische Relevanz zu erkennen<\/li>\n<li>Wissen zu vermitteln<\/li>\n<li>Theoretisches Wissen mit praktischen Anwendungen zu verkn\u00fcpfen<\/li>\n<\/ul>\n<p>Im Speziellen sind die AbsolventInnen des Universit\u00e4tslehrganges in der Lage:<\/p>\n<ul>\n<li>durch fundierte Kenntnisse der Morphologie und Physiologie des Organismus sowie des Verhaltens und der Bed\u00fcrfnisse des Hundes, im Rahmen der Haltung, Ausbildung und Zucht von Hunden tierschutzrelevante Aspekte zu beachten (z.B. Trainingsmodalit\u00e4ten, Belastungsgrenzen)<\/li>\n<li>durch fundierte Kenntnisse eine art- und rassegerechte Haltung, F\u00fctterung, Pflege und Zucht von Hunden zu gew\u00e4hrleisten<\/li>\n<li>\u00fcber fundierte Kenntnisse der Genetik in der Hundezucht und der damit zusammenh\u00e4ngenden Probleme bez\u00fcglich Gesundheit, Leistungsf\u00e4higkeit und Wesen zu verf\u00fcgen, wie auch speziell in der Frage der Erbkrankheiten, der Inzuchtdepression und der Qualzucht versiert zu sein<\/li>\n<li>durch fundierte Kenntnisse der Gesundheitsvorsorge und ersten Hilfe bei Hunden deren Gesundheit zu f\u00f6rdern<\/li>\n<li>durch grundlegende Kenntnisse der f\u00fcr den Umgang mit Hunden relevanten rechtlichen Rahmenbedingungen (insbesondere Tierschutzrecht, Gefahrenhundegesetzgebung, Kauf- und Haftungsrecht) sich im rechtssicheren Bereich zu bewegen<\/li>\n<li>durch fundierte Kenntnisse der betriebswirtschaftlichen Grundlagen der einschl\u00e4gigen T\u00e4tigkeitsbereiche wirtschaftlich vertretbare Entscheidungen zu f\u00e4llen<\/li>\n<li>durch fundierte Kenntnisse der Organisation der Hundezucht sowie der verschiedenen Disziplinen des Hundesports diese wissenschaftlich fundiert zu beeinflussen<br \/>\ndie Ausbildung von Hunden f\u00fcr alle Sparten des offiziell anerkannten Hundesports zu beurteilen<\/li>\n<li>durch Kenntnis der Traditionen der Hundezucht und der verschiedenen Disziplinen des Hundesports diese unter sich \u00e4ndernden wirtschaftlichen und sozialen Rahmenbedingungen weiter zu entwickeln<\/li>\n<li>Rassetypische Eigenschaften unter Ber\u00fccksichtigung von Tierschutzaspekten zu beurteilen<\/li>\n<li>praxisrelevante und an den Anforderungen des Tierschutzes orientierte Antworten auf aktuelle Fragen der Hundehaltung und Hundewirtschaft zu geben bzw. zu erarbeiten.<\/li>\n<\/ul>\n","protected":false},"excerpt":{"rendered":"<p>Wir sind eine kleine Gruppen von ausschlie\u00dflich &#8222;Akademisch gepr\u00fcften Kynologen und Kynologinnen&#8220;,\u00a0die Ihre Ausbildung an der Veterin\u00e4rmedizinischen Universit\u00e4t in Wien mit Bravour abgeschlossen haben. Dieser Universit\u00e4tslehrgang\u00a0ist Europas erste und einzige universit\u00e4re Ausbildung in Hundewissenschaften. In diesem Universit\u00e4tslehrgang &#8222;Angewandte Kynologie&#8220; werden<\/p>\n","protected":false},"author":1,"featured_media":0,"parent":0,"menu_order":0,"comment_status":"open","ping_status":"open","template":"","meta":{"footnotes":""},"class_list":["post-95","page","type-page","status-publish","hentry"],"_links":{"self":[{"href":"https:\/\/www.kynologen.at\/_blog\/wp-json\/wp\/v2\/pages\/95","targetHints":{"allow":["GET"]}}],"collection":[{"href":"https:\/\/www.kynologen.at\/_blog\/wp-json\/wp\/v2\/pages"}],"about":[{"href":"https:\/\/www.kynologen.at\/_blog\/wp-json\/wp\/v2\/types\/page"}],"author":[{"embeddable":true,"href":"https:\/\/www.kynologen.at\/_blog\/wp-json\/wp\/v2\/users\/1"}],"replies":[{"embeddable":true,"href":"https:\/\/www.kynologen.at\/_blog\/wp-json\/wp\/v2\/comments?post=95"}],"version-history":[{"count":50,"href":"https:\/\/www.kynologen.at\/_blog\/wp-json\/wp\/v2\/pages\/95\/revisions"}],"predecessor-version":[{"id":440,"href":"https:\/\/www.kynologen.at\/_blog\/wp-json\/wp\/v2\/pages\/95\/revisions\/440"}],"wp:attachment":[{"href":"https:\/\/www.kynologen.at\/_blog\/wp-json\/wp\/v2\/media?parent=95"}],"curies":[{"name":"wp","href":"https:\/\/api.w.org\/{rel}","templated":true}]}}