{"id":2,"date":"2019-12-01T00:01:57","date_gmt":"2019-11-30T23:01:57","guid":{"rendered":"http:\/\/www.kynologen.at\/_blog\/?page_id=2"},"modified":"2019-12-02T15:12:13","modified_gmt":"2019-12-02T14:12:13","slug":"startseite","status":"publish","type":"page","link":"https:\/\/www.kynologen.at\/_blog\/","title":{"rendered":"canis amicus!"},"content":{"rendered":"<p style=\"text-align: justify;\"><span style=\"color: #902843;\">Salve canis amicus!<\/span><\/p>\n<p style=\"text-align: justify;\">Wir sind ein engagiertes \u00a0Team von erlesenen akademisch gepr\u00fcften Kynologinnen und Kynologen der Veterin\u00e4rmedizinischen Universit\u00e4t Wien und m\u00f6chten hier DIE z<span class=\"st\">entrale Anlaufstelle, f\u00fcr alle HundehalterInnen und HundetrainerInnen, die sich f\u00fcr wissenschaftliche und sachliche Informationen oder einfach interessante Themen und Geschichten rund um das Thema Hund, Hundewissenschaft, Hundetraining und Hundegesundheit interessieren, sein.<\/span><\/p>\n<p style=\"text-align: justify;\"><span class=\"st\">Durch die fachliche Kompetenz unseres Teams (ausschlie\u00dflich\u00a0akademisch gepr\u00fcfte Kynologen &amp; Kynologinnen\u00a0\/ VEDMET Wien) sehen wir unsere Aufgabe in der Information, Beratung\u00a0und Dokumentation in s\u00e4mtlichen Bereichen des Hundewesens und Hundeausbildung!<\/span><\/p>\n<p style=\"text-align: justify;\"><span style=\"color: #ffffff;\">.<\/span><\/p>\n<p style=\"text-align: justify;\"><span class=\"st\"><img loading=\"lazy\" decoding=\"async\" class=\"alignleft wp-image-188\" src=\"http:\/\/www.kynologen.at\/_blog\/wp-content\/uploads\/2015\/07\/Kynos_Logo1.jpg\" alt=\"Informationen zum Thema Hund, Trainieren, Lernen, Gesundheit und Hundewissen. Die Kynologie (gr. \u03ba\u03cd\u03bf\u03bd k\u00fdon \u201eHund\u201c und -logie) ist die Lehre von Rassen, Zucht, Pflege, Verhalten, Erziehung und Krankheiten der Haushunde. In j\u00fcngerer Zeit findet sich als alternative Bezeichnung f\u00fcr die im universit\u00e4ren Rahmen betriebene Kynologie auch der englische Begriff der Canine Science (dt. Hundewissenschaft oder Wissenschaft des Hundes).\" width=\"170\" height=\"170\" srcset=\"https:\/\/www.kynologen.at\/_blog\/wp-content\/uploads\/2015\/07\/Kynos_Logo1.jpg 200w, https:\/\/www.kynologen.at\/_blog\/wp-content\/uploads\/2015\/07\/Kynos_Logo1-150x150.jpg 150w\" sizes=\"auto, (max-width: 170px) 100vw, 170px\" \/>I<\/span><span class=\"st\">nformationen zum Thema Hund, Trainieren, Lernen, Gesundheit und Hundewissen. Die Kynologie (gr. \u03ba\u03cd\u03bf\u03bd k\u00fdon \u201eHund\u201c und -logie) ist die Lehre von Rassen, Zucht, Pflege, Verhalten, Erziehung und Krankheiten der Haushunde.\u00a0 <\/span><span class=\"st\">In j\u00fcngerer Zeit findet sich als alternative Bezeichnung f\u00fcr die im universit\u00e4ren Rahmen betriebene Kynologie auch der englische Begriff der Canine Science (dt. Hundewissenschaft oder Wissenschaft des Hundes). <\/span><span style=\"color: #ffffff;\">.<\/span><\/p>\n<p>\u00a0<span style=\"color: #ffffff;\">.<\/span><\/p>\n<p style=\"text-align: center;\"><span style=\"color: #ffffff;\">.<strong><em><span style=\"color: #931739;\">\u201eDU BIST ZEITLEBENS F\u00dcR DAS VERANTWORTLICH,<\/span><br \/>\n<\/em><\/strong><span style=\"color: #931739;\"><em><strong> WAS DU DIR VERTRAUT GEMACHT HAST.\u201c<\/strong><\/em><\/span><br \/>\n<strong><em><span style=\"color: #931739;\"> \u2026unseren Hunden!!!<\/span><\/em><\/strong><\/span><\/p>\n<p style=\"text-align: justify;\"><span class=\"st\">Hunde sind unser Leben &#8211; erLebe mit uns diese ganz besondere (Hunde)Welt. <\/span>Wir stellen gerne fachlich und kompetent unser Wissen allen Hundefreunden zur Verf\u00fcgung. Wir stehen gerne f\u00fcr Fragen, Ratschl\u00e4ge,\u00a0Einreichung von Beitr\u00e4gen\u00a0(wir freuen uns auch immer wieder \u00fcber ausgezeichnete und\u00a0besonders interessante Gastbeitr\u00e4ge) oder Informationen zu Verf\u00fcgung.<\/p>\n<p style=\"text-align: center;\"><span style=\"color: #902843;\">Das Team von Kynologen.at<\/span><\/p>\n<p style=\"text-align: center;\"><span style=\"color: #ffffff;\">.<\/span><\/p>\n<pre style=\"text-align: center;\">\u00a9 Kynologen.at<\/pre>\n","protected":false},"excerpt":{"rendered":"<p>Salve canis amicus! Wir sind ein engagiertes \u00a0Team von erlesenen akademisch gepr\u00fcften Kynologinnen und Kynologen der Veterin\u00e4rmedizinischen Universit\u00e4t Wien und m\u00f6chten hier DIE zentrale Anlaufstelle, f\u00fcr alle HundehalterInnen und HundetrainerInnen, die sich f\u00fcr wissenschaftliche und sachliche Informationen oder einfach interessante<\/p>\n","protected":false},"author":1,"featured_media":0,"parent":0,"menu_order":0,"comment_status":"closed","ping_status":"closed","template":"","meta":{"footnotes":""},"class_list":["post-2","page","type-page","status-publish","hentry"],"_links":{"self":[{"href":"https:\/\/www.kynologen.at\/_blog\/wp-json\/wp\/v2\/pages\/2","targetHints":{"allow":["GET"]}}],"collection":[{"href":"https:\/\/www.kynologen.at\/_blog\/wp-json\/wp\/v2\/pages"}],"about":[{"href":"https:\/\/www.kynologen.at\/_blog\/wp-json\/wp\/v2\/types\/page"}],"author":[{"embeddable":true,"href":"https:\/\/www.kynologen.at\/_blog\/wp-json\/wp\/v2\/users\/1"}],"replies":[{"embeddable":true,"href":"https:\/\/www.kynologen.at\/_blog\/wp-json\/wp\/v2\/comments?post=2"}],"version-history":[{"count":71,"href":"https:\/\/www.kynologen.at\/_blog\/wp-json\/wp\/v2\/pages\/2\/revisions"}],"predecessor-version":[{"id":1505,"href":"https:\/\/www.kynologen.at\/_blog\/wp-json\/wp\/v2\/pages\/2\/revisions\/1505"}],"wp:attachment":[{"href":"https:\/\/www.kynologen.at\/_blog\/wp-json\/wp\/v2\/media?parent=2"}],"curies":[{"name":"wp","href":"https:\/\/api.w.org\/{rel}","templated":true}]}}